) a composite number?
False
Let b be (-2)/(-5) - (-264)/40. Is 3/9*b/((-14)/(-9402)) a composite number?
False
Let a be 9/((-540)/(-8)) + 9534/45. Suppose -4*s + a = -4392. Is s a prime number?
True
Let c(z) = 24*z**2 + 10*z + 2. Let a(q) = 12*q**2 + 5*q + 1. Let l(x) = -5*a(x) + 3*c(x). Is l(4) a prime number?
False
Suppose 0 = -2*m - m - 5*k + 16, -2*m + 12 = 3*k. Suppose -c - m = c. Let b(u) = u**3 + 9*u**2 - 2*u - 5. Is b(c) a prime number?
False
Is 82194/5 + ((-369)/(-45) - 8) composite?
True
Let k be (-4 - -17)/((-8)/(-48)). Let f be (62/6)/1*3. Let o = k - f. Is o prime?
True
Let m = 35048 - 14161. Is m a prime number?
True
Is 33/187 - (-1679088)/204 a prime number?
True
Let y be (0 + 1)/(3/(-15)). Let c(h) = -1. Let m(v) = -2*v**3 - v**2 + v - 3. Let f(z) = 2*c(z) + m(z). Is f(y) a composite number?
True
Suppose 14023 = -17*h + 108220. Is h a composite number?
True
Let i be (-12)/(1*-1) - 80/20. Is 1821*(2/i + 170/120) prime?
False
Suppose -14*f = -201175 - 150379. Is f prime?
True
Suppose 0*l = -2*l + 456. Suppose 5*g - l - 567 = 0. Is g composite?
True
Let j = -2596 - 749. Is 4 + (0/5 - j) a prime number?
False
Suppose 4*b - 5*b + q + 3762 = 0, 0 = 3*b - 2*q - 11285. Is b a prime number?
True
Is 2007768/544 - (2 + (-18)/8) a composite number?
False
Suppose 4 = -h - h. Let o(j) = 598*j**2 + j + 5. Is o(h) prime?
False
Suppose -3*a = 17*w - 15*w - 8873, a = -2*w + 2959. Is a a prime number?
True
Let g = -6459 - -9566. Is g prime?
False
Suppose 6*h + 2*h = 13672. Is h composite?
False
Suppose 0*q - 2*q = -4244. Suppose 4*o = -206 + q. Is o composite?
False
Suppose 0 = 26*h - 30*h + 796. Is h composite?
False
Let p = 915 - -134. Is p a composite number?
False
Let j = -2014 - -3076. Let y = j - -5. Is y composite?
True
Let p = -76 - -112. Suppose -6 + p = 3*v. Is 6/(-10) - (-2516)/v a composite number?
False
Let w be 9/42*-2*-7. Suppose w*p - p = 4. Suppose -p*t + 113 = -t. Is t a prime number?
True
Let d(f) = -f**3 - 10*f**2 + f + 10. Let o be d(-10). Suppose o = -12*m + 10*m + 542. Is m composite?
False
Let p(b) = 64*b - 5. Let s be (-8)/12 - 33/(-9). Is p(s) a prime number?
False
Let h = 44103 + -11654. Is h a prime number?
False
Let h = -743 + 386. Suppose -5*n - 1424 = -3*n. Let w = h - n. Is w composite?
True
Suppose 0 = -32*y + 43*y + 22. Let a(b) = 10*b**2 + 12*b + 15. Is a(y) a prime number?
True
Let i = -165 + 165. Let r(d) = 8*d**2 - 14*d + 1016. Let j(k) = -3*k**2 + 5*k - 339. Let s(n) = 11*j(n) + 4*r(n). Is s(i) a composite number?
True
Let j = -62 + 74. Let o(t) = 5*t**2 - 11*t + 41. Is o(j) a composite number?
True
Suppose -1121 = -41*g + 14705. Is g a composite number?
True
Suppose 2*h - 35 = -5*t, 2*t + 4*h = h + 25. Let b(l) = -l - 6. Let k be b(-7). Suppose 1205 = t*c - 5*o, 2*o - k = -5. Is c prime?
True
Let c be 19 + 2 + 2/2*-1. Is (-2)/(-5) - (200528/c)/(-4) a composite number?
True
Suppose -k - 4*t = -12, 2*k - 15 = -0*k - 5*t. Let a be 2 + (k + -12)/(-4). Suppose -2*f = 4*x - 110, 0*f = f + a*x - 67. Is f prime?
True
Let l(m) = 612*m + 25. Let c be l(-4). Let h = c - -3976. Is h a composite number?
False
Suppose l + l - 684 = 0. Suppose 5*y - l = 293. Is y a composite number?
False
Let v(k) = k**2 + 2*k**3 + 46*k**3 + k**2 - k. Suppose -p - 1 + 2 = 0. Is v(p) composite?
True
Let f = 16 - 31. Is ((-162)/f - 1)*5 a composite number?
True
Suppose 4*s - 65 = 3*p, 3*s - 2*p + 22 = 72. Let u be s/(-16)*4*-1. Suppose 0 = l - u*l + 308. Is l prime?
False
Let j = 19 + -7. Is ((-2)/(-6))/(j/7380) composite?
True
Suppose -4067 = -3*o - y, -o - 4079 = -4*o + 2*y. Is o prime?
False
Let b = 64 - 61. Let o = 6 + -4. Suppose -3*t = 2*f - b*f - 287, -o*f + 8 = 0. Is t a prime number?
True
Let l be 354*(-3 - 84/(-8)). Suppose 7*q + 205 - l = 0. Suppose i + 4*t - 109 = 0, -5*i + 2*t + 195 = -q. Is i composite?
False
Suppose 4*l = 5*v - 42898 - 44687, -2*l + 70094 = 4*v. Is v a composite number?
True
Suppose 3*k + 6*k - 13707 = 0. Is k prime?
True
Let h(t) = 17*t - 5. Let p be h(14). Let z = -70 + p. Is z a composite number?
False
Let z = 13721 + -1020. Is z a prime number?
False
Let j(m) = 195*m**2 + 7*m + 7. Let y(v) = -98*v**2 - 3*v - 4. Let w(z) = 6*j(z) + 11*y(z). Is w(3) composite?
False
Suppose -4*n - 2*y + 34 = 0, -1 = -n - 2*y + 9. Suppose -5*g + x = 19, -g - n = -0*g + 4*x. Is ((-6)/9)/(g/474) composite?
False
Let b(m) = 40*m + 3. Suppose 36 = -2*o + 2*c, -3*o = -7*o + 2*c - 62. Let j be o/(-3) + (-4)/(-6). Is b(j) composite?
True
Let v = -10 + 13. Let d(o) = 90*o**v + 10 - 10 + o. Is d(1) a prime number?
False
Let z = 13 - 13. Let j(v) = 2*v + 254. Is j(z) a prime number?
False
Let h(t) = -10*t**2. Let m be h(-1). Let a = m + 7. Let b(d) = 35*d**2 + 3*d + 1. Is b(a) a composite number?
False
Let t = -14 - -17. Let k be 56/(-1 + -1 + t). Let n = k + -5. Is n a composite number?
True
Suppose 4*w - 8*w = 0, 0 = 5*v + 3*w - 156095. Is v a prime number?
True
Let k(i) = i**3 - 4*i**2 - 4*i - 15. Let g be k(18). Suppose 6*r = 1917 + g. Is r prime?
True
Let w(n) = -n**3 - 7*n**2 - 11*n. Let z be w(-5). Suppose 7 = z*l + 2. Is l/(7206/(-1802) + 4) a prime number?
False
Let b = -8791 + 16998. Is b a composite number?
True
Suppose 0 = -10*i + 3097 + 6403. Suppose -2*a + 7*a - i = -5*x, -5*a = -5*x - 920. Is a prime?
False
Suppose 5*x - 17809 + 6323 = -3*a, -4*a - 5*x + 15313 = 0. Is a prime?
False
Suppose -55*z = -209265 - 44450. Is z composite?
True
Suppose 9*i + 824 = 10823. Is i a prime number?
False
Suppose -9*d + 5*d = 4456. Let i = d - -1991. Is i a composite number?
False
Let l(p) = 63*p - 91. Is l(18) a prime number?
False
Suppose 933*s + 213432 = 941*s. Is s a prime number?
False
Let b = 7 + -7. Suppose 3*m + 3 + 0 = b. Let t(z) = -223*z. Is t(m) composite?
False
Let g be (-51)/(-6) + (-6)/4. Suppose g*y + 2*b = 4*y + 295, b - 293 = -3*y. Is y a composite number?
False
Suppose 0*t - 40 = -2*t. Let f(c) = c**3 - 21*c**2 + 26*c - 23. Is f(t) prime?
True
Suppose -3*i = -7*i + 2164. Is i a prime number?
True
Let j = 277 - 716. Let l = -100 - j. Is l composite?
True
Suppose -f = -5*n + 5369, -n - 4*n + 4*f = -5366. Suppose 0*j = -6*j + n. Is j a composite number?
False
Let i(k) = 2588*k + 8*k**2 - 5 + 5*k**2 - 2584*k - 3*k**2. Suppose -t - 7 = -3. Is i(t) prime?
True
Suppose 3 = 5*v - 22. Suppose 4*r - 17542 = v*a, -a + 21919 = 5*r - 3*a. Suppose r = 5*s + w, 3*s + s - 2*w = 3512. Is s prime?
True
Let o = 119 - 110. Suppose -c = -o*c + 12680. Is c a prime number?
False
Let v be 14/3 + 2/6. Suppose 0 = r - v*n - 467, -2*r + 954 = -0*r - 5*n. Suppose 3*f + 5*w - r = 166, 2*f - 402 = 5*w. Is f a prime number?
True
Let a be 2/(-21) + 758/21. Let z be (6/2)/(3/254). Suppose 2*o - z = a. Is o a prime number?
False
Suppose 6*i = 5*i + 223. Is i composite?
False
Is (-8)/(-44) + 614*(-1275)/(-110) prime?
False
Let u(j) = -15*j**3 + 3*j**2 + 7*j + 22. Let y be -4 + (-4 - (-3 + 0)). Is u(y) prime?
False
Let w(q) = 89*q + 3. Let j be w(-2). Suppose c - 290 = -44. Let p = c + j. Is p composite?
False
Is (-20)/70 + 44846/14 a prime number?
True
Let y(k) = 323*k + 2 - 2. Let l = -1001 + 1002. Is y(l) a prime number?
False
Is (1 + 2395/(-4))*380/(-285) prime?
True
Is (-6)/(-12)*(4961 + -3) a prime number?
False
Let x = 13 + -8. Suppose -2*t + 388 = -0*o - x*o, -4*t - 5*o + 746 = 0. Suppose 5*n + g = t, -2*n - g = 6 - 84. Is n a composite number?
False
Suppose -17 = -3*n + 7. Suppose -2*p - n + 0 = 5*g, -4 = g. Suppose -3*t = -p*t + 555. Is t composite?
True
Suppose -7 = -4*a + 1. Suppose -a*g + 6*g - 2*o - 32 = 0, -6 = 3*o. Suppose -3*h + g*h - 84 = 2*l, 0 = -4*h - 4*l + 84. Is h a composite number?
True
Let d(x) = x + 155. Let b = -7 - -11. Let k = 4 - b. Is d(k) composite?
True
Let j(s) = 52*s**2 + 4*s - 11. Is j(9) a prime number?
False
Let s(f) = 357*f**2 - 4*f + 18. Is s(5) a composite number?
False
Let p(s) = -6*s**2 + 5*s + 7. Let a(l) be the first derivative of -4*l**3 + 9*l**2/2 + 14*l - 6. Let r(h) = 2*a(h) - 5*p(h). Is r(-6) composite?
False
Suppose -3*h - 2*q = -4331, 0*q - 5783 = -4*h - q. Suppose -4*o + 491 = -2*z - 651, -5*o - 4*z + h = 0. Is o a composite number?
True
Let u = 1132 + -243. Is u a composite number?
True
Suppose 7 = d - 18. Let i = d + -19. Suppose -2*p - i*p = -2536. Is p composite?
False
Suppose 0 = -43*i + 31